factors of 5773257798?
2, 3, 7, 11, 12496229
What are the prime factors of 21183833?
11, 29, 6037
What are the prime factors of 189207233?
37, 5113709
List the prime factors of 232643674.
2, 17, 43, 227, 701
List the prime factors of 86092207.
86092207
What are the prime factors of 392741216?
2, 7, 1753309
What are the prime factors of 38594913?
3, 7, 17, 108109
What are the prime factors of 21265484?
2, 19, 73, 3833
What are the prime factors of 290777659?
157, 1852087
What are the prime factors of 39207194?
2, 13, 67, 71, 317
List the prime factors of 340753011.
3, 19, 1193, 5011
What are the prime factors of 139367767?
7, 11, 1809971
List the prime factors of 1804481384.
2, 29, 107, 157, 463
List the prime factors of 791815921.
13, 1301, 46817
What are the prime factors of 33018301?
17, 467, 4159
What are the prime factors of 76207678?
2, 131, 290869
What are the prime factors of 249758663?
7, 11, 43, 241, 313
What are the prime factors of 222743379?
3, 263, 282311
List the prime factors of 2886868618.
2, 1443434309
What are the prime factors of 5775960934?
2, 1471, 1963277
What are the prime factors of 1536458778?
2, 3, 85358821
What are the prime factors of 510186911?
13, 39245147
List the prime factors of 1552386858.
2, 3, 11, 17, 1383589
List the prime factors of 54409607.
7, 107, 72643
What are the prime factors of 3356181739?
17191, 195229
What are the prime factors of 1217872587?
3, 109, 797, 4673
List the prime factors of 2648318342.
2, 24001, 55171
List the prime factors of 52571869.
7, 7510267
List the prime factors of 616699169.
19, 32457851
What are the prime factors of 82661563?
23, 3593981
List the prime factors of 180226691.
89, 1289, 1571
What are the prime factors of 1501296425?
5, 239, 251263
List the prime factors of 3858024230.
2, 5, 53, 139, 52369
What are the prime factors of 137074611?
3, 45691537
What are the prime factors of 210220283?
7, 13, 17, 10453
List the prime factors of 489205173.
3, 163068391
What are the prime factors of 95247079?
127, 797, 941
List the prime factors of 901453290.
2, 3, 5, 19, 43, 36779
List the prime factors of 4480266922.
2, 23, 43, 2265049
List the prime factors of 1103032732.
2, 43, 6412981
What are the prime factors of 56141638?
2, 7, 4010117
What are the prime factors of 960858216?
2, 3, 13345253
List the prime factors of 2090913522.
2, 3, 127, 409, 6709
What are the prime factors of 2642284255?
5, 13, 293, 138739
What are the prime factors of 1143708489?
3, 7, 11, 41, 40253
List the prime factors of 68544284.
2, 29, 590899
What are the prime factors of 27768180?
2, 3, 5, 11, 42073
What are the prime factors of 403171399?
31, 107, 121547
List the prime factors of 350329323.
3, 116776441
What are the prime factors of 6935237?
67, 103511
List the prime factors of 19246760.
2, 5, 13, 37013
What are the prime factors of 959575795?
5, 17, 11289127
What are the prime factors of 3880025317?
7, 31, 97, 184333
List the prime factors of 311126376.
2, 3, 11, 239, 4931
What are the prime factors of 365176662?
2, 3, 107, 157, 3623
What are the prime factors of 221649491?
7, 853, 5303
List the prime factors of 217085176.
2, 7, 11, 352411
What are the prime factors of 110876228?
2, 1249, 22193
List the prime factors of 1108933066.
2, 554466533
What are the prime factors of 9800204?
2, 383, 6397
List the prime factors of 1113512845.
5, 222702569
What are the prime factors of 1914057594?
2, 3, 29, 1222259
List the prime factors of 167772023.
37, 151, 30029
What are the prime factors of 148512189?
3, 7, 19, 53173
What are the prime factors of 7754245?
5, 67, 79, 293
List the prime factors of 3070496233.
7, 438642319
List the prime factors of 68275218.
2, 3, 11, 157, 599
List the prime factors of 75634350.
2, 3, 5, 11, 23, 1993
List the prime factors of 557371693.
557371693
List the prime factors of 2216911051.
19, 23, 1489, 3407
List the prime factors of 75739954.
2, 37869977
What are the prime factors of 47644232?
2, 5955529
List the prime factors of 36636220.
2, 5, 1831811
What are the prime factors of 4973972276?
2, 7, 13, 13664759
List the prime factors of 870751156.
2, 11, 19789799
List the prime factors of 1213361372.
2, 281, 1079503
List the prime factors of 134820671.
89, 223, 6793
List the prime factors of 287769207.
3, 11, 2293, 3803
List the prime factors of 1459914160.
2, 5, 18248927
What are the prime factors of 126987247?
89, 181, 7883
What are the prime factors of 762792680?
2, 5, 13, 613, 2393
What are the prime factors of 56925126?
2, 3, 1054169
What are the prime factors of 861355244?
2, 23, 71, 163, 809
What are the prime factors of 1809631398?
2, 3, 23, 1123, 11677
What are the prime factors of 51187498?
2, 103, 248483
List the prime factors of 186964851.
3, 467, 133451
What are the prime factors of 58319250?
2, 3, 5, 11, 7069
List the prime factors of 1341099821.
1341099821
What are the prime factors of 207082026?
2, 3, 19, 605503
What are the prime factors of 663189899?
109, 167, 36433
List the prime factors of 1968627931.
17, 115801643
List the prime factors of 125974468.
2, 41, 151, 5087
List the prime factors of 248932505.
5, 59, 593, 1423
What are the prime factors of 485030425?
5, 11, 1763747
List the prime factors of 112818802.
2, 56409401
List the prime factors of 3469094950.
2, 5, 69381899
What are the prime factors of 732891486?
2, 3, 37, 151, 21863
List the prime factors of 9454887.
3, 13, 41, 73
What are the prime factors of 34782816?
2, 3, 17, 21313
List the prime factors of 275880652.
2, 149, 462887
What are the prime factors of 188968918?
2, 41, 43, 53593
List the prime factors of 246504961.
23, 53, 202219
List the prime factors of 894423488.
2, 7, 1996481
What are the prime factors of 165546873?
3, 1093, 16829
What are the prime factors of 2001391282?
2, 11, 283, 521, 617
List the prime factors of 100816293.
3, 223, 150697
List the prime factors of 14600347.
1621, 9007
List the prime factors of 46009333.
46009333
List the prime factors of 457892269.
107, 409, 10463
What are the prime factors of 20703341?
20703341
List the prime factors of 1160180717.
19, 281, 11437
What are the prime factors of 100510781?
7, 29, 149, 3323
What are the prime factors of 335949007?
8609, 39023
What are the prime factors of 580779345?
3, 5, 38718623
List the prime factors of 11796303.
3, 37, 106273
List the prime factors of 289531569.
3, 617, 156419
List the prime factors of 136464849.
3, 15162761
List the prime factors of 269260344.
2, 3, 61, 101, 607
What are the prime factors of 683042200?
2, 5, 37, 241, 383
List the prime factors of 96766394.
2, 4423, 10939
List the prime factors of 1723424843.
7, 1153, 213533
List the prime factors of 13280944.
2, 17, 157, 311
List the prime factors of 391786604.
2, 11, 311, 28631
List the prime factors of 1857768632.
2, 2029, 114451
What are the prime factors of 176380589?
7, 11, 227, 10091
List the prime factors of 8144197.
71, 251, 457
What are the prime factors of 487769488?
2, 30485593
What are the prime factors of 2076265575?
3, 5, 3075949
What are the prime factors of 154253630?
2, 5, 181, 85223
List the prime factors of 23746798.
2, 83, 143053
What are the prime factors of 25200370?
2, 5, 13, 149, 1301
What are the prime factors of 4214708?
2, 17, 61981
What are the prime factors of 4660634889?
3, 172616107
List the prime factors of 1168632204.
2, 3, 97386017
What are the prime factors of 3454928346?
2, 3, 19, 97, 3221
List the prime factors of 39730854.
2, 3, 6621809
List the prime factors of 20348611.
20348611
List the prime factors of 167422112.
2, 11, 13, 36587
What are the prime factors of 386758565?
5, 151, 281, 1823
What are the prime factors of 2598803904?
2, 3, 31, 436627
What are the prime factors of 129707693?
129707693
List the prime factors of 5934124183.
13, 191, 2389901
List the prime factors of 135979779.
3, 13, 1627, 2143
What are the prime factors of 21916847?
21916847
List the prime factors of 56236711.
56236711
What are the prime factors of 278116900?
2, 5, 2781169
List the prime factors of 624334366.
2, 311, 1003753
What are the prime factors of 44132374?
2, 11, 13, 17, 29, 313
List the prime factors of 28248845.
5, 5649769
What are the prime factors of 1197906436?
2, 299476609
List the prime factors of 117023335.